 12704. What is the units digit of n?
7
Let h(u) = 5*u - 1. Let w be h(1). Suppose 0 = 2*q - 4*q - w. What is the units digit of 10/5*(-13)/q?
3
Suppose -48*s + 11414 + 59050 = 0. What is the thousands digit of s?
1
Suppose 3*c + 3*n - 54 = 0, -5*n - 32 - 38 = -3*c. Suppose 0 = 2*w - c - 42. What is the tens digit of w?
3
Suppose 15 = -3*c + 24, c + 1452 = 5*w. What is the hundreds digit of w?
2
Let s = -26 - -29. Suppose -a = -2*w + 1, -s*w + w + 4*a = 14. Suppose -4*k + 106 = -2*n, -w*k + 127 = -n + 48. What is the tens digit of k?
2
Let c(q) = -q**3 - 2*q**2 + q + 2. Let m be c(-2). Suppose m*v = 2*v - 86. Suppose 2*z - 1 = v. What is the tens digit of z?
2
Let m = -17 + 21. What is the units digit of (m + -1)/(9/27)?
9
Let c = 2012 - 1974. What is the units digit of c?
8
Suppose 12 - 4 = 2*s. Suppose -5*v - 5*j = 25 - 85, -s*j - 48 = -4*v. Let b(x) = 6*x - 30. What is the tens digit of b(v)?
4
Let r(z) = 8*z**2 - 2. What is the tens digit of r(7)?
9
Suppose 80*w = 1073 + 21967. What is the hundreds digit of w?
2
Suppose s + s + t = -22, 5*s = t - 69. Let v = 15 + s. What is the tens digit of 44*1*(3 - v)?
4
Let j be 9 + 1/(-5 + 2 + 4). Let f(g) = 31 - 38 + 5*g + 3*g. What is the tens digit of f(j)?
7
Suppose 5*t = 4*x - 65, 2*t - 3*x = -x - 28. Let v(m) = -1. Let s(l) = l + 5. Let h(u) = -s(u) - 4*v(u). What is the units digit of h(t)?
8
Suppose -4*n = 5*j - 2738, 2*n - 923 - 433 = 4*j. What is the units digit of n?
2
Let p(o) = 8*o - 43. Let v(z) = -33*z + 173. Let t(s) = 9*p(s) + 2*v(s). What is the units digit of t(10)?
9
Let y(m) = 12*m**2 - 9. Let f be y(4). Suppose 5*q + k - 4*k = f, k + 1 = 0. What is the units digit of (-4)/(-6) + 228/q?
7
Let y = -1856 + 3477. Suppose 667 + y = 8*d. What is the hundreds digit of d?
2
Let n(h) = 3*h + 26. Let a(i) = -i**2 + i + 19. Let o be a(4). What is the units digit of n(o)?
7
Let p(s) = s + 26. Let i be p(-8). Let u = -15 + i. Suppose -4*b - 5*h = -31, 16 = u*b - 2*b + 4*h. What is the units digit of b?
4
Suppose -5*j - 35 = 5*u, u + j = -u - 11. What is the hundreds digit of (-4 - 3 - u)*(-127)/3?
1
Let l(y) be the first derivative of -y**5/10 + 7*y**4/6 + 7*y**3/6 + y**2/2 + 7*y - 5. Let m(x) be the first derivative of l(x). What is the tens digit of m(7)?
5
Let t be (-320)/(-5)*-2 + -3. Let g = -69 - t. What is the tens digit of g?
6
What is the tens digit of ((-4)/10)/(12/(-570))?
1
Let o be (-13 - -9)*(-8 + 0). Suppose 2*v - o = -2*c, 3*c - 30 = -v - v. Suppose -5 = r - v. What is the tens digit of r?
1
Let u be 48 - (224/(-38) + (-18)/171). Let d(p) = 2*p - 5. Let i be d(5). Suppose 2*l + i*k = u, -3*l - 2*l + 93 = 2*k. What is the units digit of l?
7
What is the units digit of ((-48)/(-14))/8 + (-3511)/(-7)?
2
Let w be (1/(-3))/(1/3). Let x = 3 + w. Suppose -x*a + 8 = -2*p, 7*a - 3*a - 5*p - 12 = 0. What is the units digit of a?
8
Suppose -25*k = -36*k + 4576. What is the hundreds digit of k?
4
Suppose 2*k + 87 = -i - 30, 5*k = -2*i - 238. Let l be (-115)/15*99/11. Let u = l - i. What is the units digit of u?
0
Suppose -2*i - 6*s + 1214 = -3*s, -1216 = -2*i - 2*s. What is the units digit of i?
0
Suppose a = -2*a + 18. Suppose 0 = -a*g + g + 210. Let m = 72 - g. What is the units digit of m?
0
What is the hundreds digit of (-18992)/(-6) - -4*(-22)/(-132)?
1
Let q = 1592 + -1077. What is the tens digit of q?
1
Suppose 8975 = 25*b - 0*b. What is the tens digit of b?
5
Suppose 159 - 679 = -d. What is the hundreds digit of d?
5
Let o = 5858 - 4166. What is the tens digit of o?
9
Suppose 3*b + 10 + 8 = 0. Let o be (-129)/(-27) - b/27. Let h = 14 - o. What is the units digit of h?
9
Suppose -11956 = -2*k - 6*h + 8*h, 2*k + h = 11971. What is the hundreds digit of k?
9
Let u(q) = -15*q + 160. What is the hundreds digit of u(-36)?
7
Let c(p) = -15*p**3 - 4*p**2 - 7*p + 6. What is the tens digit of c(-4)?
3
Suppose 0*v - 12*v = -24. Suppose v*q - 330 = -0*q + 2*s, -495 = -3*q - 2*s. What is the tens digit of q?
6
Suppose 537 = 21*v - 20*v. What is the units digit of v?
7
Suppose -17*a + 777 = -16*a. What is the tens digit of a?
7
What is the hundreds digit of (882/4)/((-11)/(-22))?
4
Suppose 9 = 4*d - i, -6 = 3*d - 4*i - i. Suppose d*y = y + 108. What is the tens digit of y?
5
Let h be (-8 + 0 - -5)*4/3. What is the tens digit of 1/1*1/(h/(-516))?
2
Let r = 3911 + -2199. What is the units digit of r?
2
What is the hundreds digit of 1 - 157*(-19 - -7)?
8
Let m = -34 - -36. Suppose m*d + 2*x - 58 = -2*x, x + 33 = 2*d. What is the tens digit of d?
1
Suppose 5*n + 0 + 5 = 0. What is the units digit of (-30)/(-35)*n*-14?
2
Let r(u) = -u**3 - 5*u**2 + 6*u - 5. Let h be r(-6). Let c be ((-8)/h)/((-20)/350). Let i = -5 - c. What is the tens digit of i?
2
Let h(o) = -o**2 + 8*o - 5. Let q be h(7). Suppose 0 = q*f + f - 39. Suppose 5*j - 7 = f. What is the units digit of j?
4
Let m(h) be the first derivative of -1/3*h**3 - 2*h + 3*h**2 + 3. What is the units digit of m(4)?
6
Suppose 4640 = 6*v + 8. What is the hundreds digit of v?
7
Suppose -d - 2*b = 3*b - 16, -3*d - 5*b = 2. Let j(z) = -13*z - 23. What is the units digit of j(d)?
4
Suppose 4*d = 9 - 21. Let c be (d + -1)/(-4)*0. Suppose -4*j = 4, c = -k - 0*k + 2*j + 3. What is the units digit of k?
1
What is the units digit of (1326/(-3))/((-22)/77)?
7
Suppose -4*s + 7*s = 4*k + 1560, -2*k - 1038 = -2*s. What is the units digit of s?
6
Suppose 3283 = 150*i - 143*i. What is the tens digit of i?
6
Suppose -4*w - 4 + 224 = 3*k, -3*w + 12 = 0. Suppose 70 + k = 2*o. What is the units digit of o?
9
Suppose 1 = -s - 4*a + 3*a, -3*a - 6 = 0. What is the tens digit of (s - (-3)/(-6))*38?
1
Let p = 134 + -280. What is the tens digit of (p/(-4) - -6)*8/5?
6
Suppose 13*k = -210 + 2420. Let l = 316 - k. What is the hundreds digit of l?
1
Suppose 0 = -w + 4*t + 531, 1716 = 5*w - 2*t - 1029. What is the hundreds digit of w?
5
Let l = -83 - -83. Suppose a - 8*a + 1050 = l. What is the units digit of a?
0
Let n(u) = u**3. Let f be n(-1). Let g be ((-453)/(-1)*-1)/f. What is the units digit of 2/9 - g/(-27)?
7
Let h(w) = -w**3 - 3*w**2 + 2. Let z(s) = -2*s - 7. Let l be z(-7). Let m = 3 - l. What is the tens digit of h(m)?
1
Let i(l) = -l**3 + 4*l**2 + 3. Let s be i(4). Suppose 350 = 2*x + s*x. What is the tens digit of x?
7
Suppose -3*w = -17*w + 5516. Suppose -109*a + 111*a = w. What is the hundreds digit of a?
1
Let u be ((-13740)/(-7))/3 + (-18)/63. Let f = u - 373. What is the units digit of f?
1
Let l(h) = 2*h**3 + 4*h**2 + 2*h + 4. Let k be l(-3). Suppose 5*f + 7*v - 2*v = -15, -2*v - 18 = -4*f. Let w = f - k. What is the tens digit of w?
2
Let x be -1 + 1*(-2)/2 + 21. Suppose -23*z + 332 = -x*z. What is the tens digit of z?
8
What is the units digit of (12/(-16))/((-1)/428)?
1
Suppose -4*j - 30590 = -18*j. What is the thousands digit of j?
2
What is the tens digit of (-17 + 9 - -11) + 8685/3?
9
Let x(a) = 3*a - 13. Let d be x(6). Suppose m - 5 = -2*i, 5*i + d*m + 3 = 2*i. What is the units digit of i?
4
Let h(w) = 21*w**2 - 3*w + 1. Let u be h(-3). Suppose -4*t = -3*o + u, -2*o = -t + 4 - 60. Let m = 79 + t. What is the units digit of m?
3
Suppose -403 = -20*u + 8837. What is the units digit of u?
2
Let u(y) be the first derivative of y**5/20 + 5*y**4/24 + 4*y**3/3 + 5. Let p(q) be the third derivative of u(q). What is the units digit of p(4)?
9
Let h = 26 + -25. Let k be (2/(-4))/(h/(-10)). Suppose 184 = k*r - r. What is the tens digit of r?
4
Let p(o) = o**2 - o - 2. Let n be p(-4). Let x = n + 4. What is the tens digit of x?
2
Let a(r) = -6*r**2 - r + 1. Let s be a(1). Let m(c) = -c**3 - 20*c**2 + c + 12. Let t be m(-20). What is the units digit of (t/24)/(2/s)?
1
Suppose 0 = -9*k + 5 + 13. Suppose 0 = -5*n, 3*s + k*n - 189 = n. What is the tens digit of s?
6
Let d = 1863 + -1165. What is the tens digit of d?
9
Let u(l) be the third derivative of -l**4/12 + 3*l**3/2 + 34*l**2. Suppose -4*w - 3*s = 2*s + 56, -17 = w + 2*s. What is the tens digit of u(w)?
2
Let z(y) = 13*y**3 + 21*y**2 - 27*y - 51. Let b(h) = -3*h**3 - 5*h**2 + 7*h + 13. Let l(v) = 9*b(v) + 2*z(v). What is the tens digit of l(-6)?
6
Let f be 4/(-22) - (5 - (-4404)/(-22)). Let i = 425 - f. What is the units digit of i?
0
Let t(v) = 79*v - 10. Let n be t(2). Suppose -2*u + n = -46. What is th